3 - q. Suppose 3*i - f = -y, 0 = i + 2*y + 10 - 47. What is the tens digit of i?
2
Suppose 0 = 12*q - 7*q - 15. Suppose -y = q*y. Let c(s) = s**2 - s + 52. What is the tens digit of c(y)?
5
Suppose -6690 = -26*z - 4*z. What is the tens digit of z?
2
Let h = -171 + 457. What is the units digit of h?
6
Let o be 130/4*32/40. Let b = o + 50. What is the tens digit of b?
7
Suppose -f = -q - 4, -3*f - 4*q = 2*f + 16. Suppose 2124 = -3*x - f*x. What is the tens digit of (-14)/(-49) + x/(-21)?
3
Let f(u) = u + 4 + 1 + 3. Let d be f(-6). Let m = d - -11. What is the units digit of m?
3
Let t(r) be the third derivative of -r**6/120 - r**5/12 - r**4/6 - 2*r**3/3 + 6*r**2. Let k be t(-5). Suppose 5*m - 34 = k. What is the units digit of m?
0
Let b(p) = 12*p - 2. Let g = 37 - 32. What is the units digit of b(g)?
8
Suppose -2*h - 42 = -60. What is the hundreds digit of 119 + -1*3/h*3?
1
Let k(y) be the second derivative of y**4/12 - 5*y**3/6 - y**2 - 2*y. What is the tens digit of k(-7)?
8
Let j = -8 - -12. Suppose j*v - 368 = -116. What is the tens digit of v?
6
Suppose -p + 41 - 36 = 0. What is the hundreds digit of (-4185)/(-31) - p*1?
1
Suppose 4*j - 413 = 3*z + 4258, -5*j = -4*z - 5838. What is the hundreds digit of j?
1
Let m be -1 - (-5)/(20/8). What is the units digit of (m/(-1) + -4)*-13?
5
Let t = -3 - 13. Let u = -14 - t. Suppose 0 = u*p - 7*p + 50. What is the tens digit of p?
1
What is the tens digit of ((13515/(-6))/(-5))/(7/14)?
0
Let b(u) = u**2 - 12*u + 14. Let j be b(11). Suppose j*c - s = -2*c + 10, -3*s + 15 = 0. Suppose 0 = -o - c*o + 160. What is the units digit of o?
0
Let p = -368 + 1401. What is the thousands digit of p?
1
Let r be 2/(-4 + 2)*-5. Suppose r*d - 38 - 108 = 3*a, 0 = 4*a + 8. What is the units digit of d?
8
Suppose -53*r + 54*r = 89. What is the units digit of r?
9
Suppose 36*d - 10690 - 17858 = 0. What is the tens digit of d?
9
Let z = -451 - -832. What is the hundreds digit of z?
3
Suppose 0 = 5*g + 5 - 0. Let k(q) = 18*q**2. Let u be k(g). Let p = u + 3. What is the tens digit of p?
2
What is the units digit of (-1)/(-6*5/(-3810)*-1)?
7
Suppose -2*t + 946 = -x, -787 - 630 = -3*t + x. What is the units digit of t?
1
What is the units digit of 1 + 2 + 1 - (-3267)/11?
1
Let z(d) = d**3 - 7*d**2 + 2*d - 7. Let k be z(7). Suppose -53*l + 16 = -52*l. Suppose k*n + l = 9*n. What is the units digit of n?
8
Suppose -419 = 5*v - 719. What is the tens digit of v?
6
Let a(p) = 3*p - 18. Let j be a(30). Let c = -2 - -18. Let u = j - c. What is the units digit of u?
6
Let k(z) = -z**3 + 8*z**2 + 10*z + 2. Let j(x) = -x**2 - 4*x + 11. Let s be j(-5). What is the hundreds digit of k(s)?
1
Suppose -157*c = -180*c + 33603. What is the hundreds digit of c?
4
Suppose -c + 1321 = -k, 3*c - 5*k - 1147 = 2826. What is the tens digit of c?
1
Let y = 5 + -2. Suppose 5*n = -5*w + w + 3, 3*n + 36 = y*w. Suppose 2*d + 25 = w*d. What is the units digit of d?
5
Let m = 1076 - 570. What is the hundreds digit of m?
5
Suppose -16*o + 12624 = -11008. What is the tens digit of o?
7
Suppose 4*x = 2*w + 26, 4*w + 4*x + 16 = -0*x. Let y(q) = q**2 + 5*q + 7. What is the tens digit of y(w)?
2
Suppose 30*g = 10564 - 2524. What is the tens digit of g?
6
What is the hundreds digit of (4/(-10))/(3/(-15)) + 1234?
2
Suppose -3*s + 2*o - 59 + 236 = 0, 4*s + o - 247 = 0. Suppose 2*a = -p + s, -4*a - 165 = -9*a - 5*p. What is the tens digit of a?
2
Let x(a) = -a**3 + 8*a**2 + a - 1. Let l be 8/(-20) - (-148)/20. What is the units digit of x(l)?
5
Let o(h) = h**3 - 6*h**2 - h + 6. Let l(i) = 5*i**2 - i. Let d be l(-1). Let t be o(d). Suppose 2*b - 127 + 49 = t. What is the tens digit of b?
3
Let f be 1 - -3 - (-4 - -6). Suppose -3*x - 3*b - 39 = 0, -3*b - 2*b - 23 = f*x. Let l = -5 - x. What is the units digit of l?
9
Suppose 13*i - 4 - 139 = 0. What is the tens digit of i?
1
Let f(a) = -a**3 - 5*a**2 + 8*a - 13. Let u be f(-7). Let m be 1 + 0 + 0 - -27. Let s = m + u. What is the units digit of s?
7
Suppose -3168 = -8*x - x. Suppose -x = -4*j - 2*q, -2*q = 4*j - q - 354. What is the tens digit of j?
8
Let x(k) = -97*k + 3. Let w be x(4). What is the units digit of 794/14 + (-11)/(w/10)?
7
What is the units digit of 146 + -9 + 4/2?
9
Let g(d) = -d**3 + 7*d**2 - d + 4. Suppose i = -4*u + 7, 0 = -0*u - 2*u. Let m be g(i). Let x = 4 + m. What is the units digit of x?
1
Let w be 2/(-6)*(-2 + -7). What is the units digit of w + (-1 + -3 - -47)?
6
Let j = 0 + 6. Suppose -j = -o + 8. Let i = o + -8. What is the units digit of i?
6
Let h(k) = -k. Let q(j) = -2*j + 2. Let m(s) = 3*s - 4. Let o(v) = 2*m(v) + 5*q(v). Let u be o(3). What is the units digit of h(u)?
0
Let i = 1 + -1. Let p(f) = 0*f**3 + 34 - f**3 + 2*f**3. What is the tens digit of p(i)?
3
Let i(w) = w - 3. Let c be i(5). What is the units digit of (118/4)/(c/4)?
9
Let s be -3*308/6 + -1. Let u = s + 287. What is the units digit of u?
2
Suppose -694 = -12*a + 206. What is the units digit of a?
5
Let d(r) = -r**3 - 10*r**2 - 13*r + 4. What is the units digit of d(-14)?
0
Let q = 1213 - 193. Suppose -5*h = 7*h - q. What is the tens digit of h?
8
Let u(a) = 10*a**2 - 5*a + 4. Let y(l) = l**3 - 12*l**2 + 3. Let o be y(12). What is the units digit of u(o)?
9
Let x(p) = -3*p - 18 - 7*p + 8*p + p**2 - 4*p. What is the hundreds digit of x(-11)?
1
Suppose -85*s + 109*s - 47592 = 0. What is the hundreds digit of s?
9
Suppose 206*a - 3038 = 199*a. What is the units digit of a?
4
Suppose 3*o - 4671 = -5*h, 5*o = 5*h - 1624 - 3071. What is the units digit of h?
6
What is the units digit of -49*(66/(-44) + (-1)/2)?
8
Let y(k) = -144*k - 397. What is the thousands digit of y(-20)?
2
Suppose 0 = 3*s, x - 3*s + 2 = -8. Let j = 3 + x. Let a(g) = 2*g**2 + 11*g + 9. What is the tens digit of a(j)?
3
Suppose -t + 196 = 3*t. Suppose 33*j - 38*j + 15 = 0. Suppose 0 = -j*z - 7 + t. What is the units digit of z?
4
Let w(l) = -3*l**3 + l**2. Let s be w(-1). Suppose 25 = 3*j + s. What is the units digit of j?
7
Suppose -b - o + 253 = 0, 2*b - 4*o - 512 = -0*o. What is the tens digit of b?
5
Let y(s) = -237*s**3 + 6*s + 5. What is the units digit of y(-1)?
6
Let u be (-1342)/8 + 9/(-4) + 3. Let s = u + 243. What is the units digit of s?
6
Let v be (-3 - -7)/((-2)/4). Let x = v + 73. Suppose -3*q + i - 248 = -7*q, -q = i - x. What is the tens digit of q?
6
Let d(f) = f + 6. Suppose 4*g - 3*g + 5*o = 7, 0 = 4*g + 3*o - 28. Let k(y) = -3. Let b(v) = g*k(v) + 3*d(v). What is the units digit of b(3)?
6
Suppose 4*r + 13 = o, o = -0*o - 2*r + 1. Suppose -o*c = -3*c - 96. What is the units digit of c?
8
Let n(l) = l**2. Let u(f) = 4*f**2 + 6*f + 6. Let v(g) = 2*n(g) - u(g). Let w be v(-6). Let s = 69 + w. What is the tens digit of s?
2
Let n = 9 + -32. Let y = n + 25. Suppose -y*a - 2*a = -3*r + 167, 0 = -4*r + 3*a + 211. What is the units digit of r?
9
Let i(z) = z + 24. Let n = 0 + 0. Suppose 0 = -n*v - 2*v. What is the units digit of i(v)?
4
Let b(n) = -26*n - 1. Let y(i) = i**3 - 4*i**2 + i. Let z be y(2). Let w be b(z). Suppose 2*x + w = 7*x. What is the tens digit of x?
3
Suppose -8*g + 1613 = 2*k - 3*g, -5*g = 25. What is the hundreds digit of k?
8
Let m = -1105 + 2293. What is the thousands digit of m?
1
Suppose 2*x - 215 = 17. Let b = x + -70. What is the units digit of b?
6
Let y = 0 + 10. Let b(j) = 16*j - 6*j + 3 - 6*j**2 + 5*j**2. What is the units digit of b(y)?
3
Let t(g) = 4*g**2 - 4 - g**3 - 5*g**2 + 49. Let y(j) = -4*j**2 - 9*j - 2. Let x be y(-2). What is the tens digit of t(x)?
4
Let y(h) = 0*h + 0*h - 11 - 4*h - 7*h. Let n be y(8). What is the units digit of n/(-6)*2/3?
1
Suppose -5*b = -6*n + 2*n - 15, -n = 4*b - 12. Suppose n = -4*d + 5*d. Suppose 0 = 4*u + 3*s - 92, d = -4*u + 2*s - 0*s + 72. What is the units digit of u?
0
What is the units digit of ((-5 + 4)*2)/((-10)/1535)?
7
Suppose 1907 + 931 = 6*p. What is the hundreds digit of p?
4
Suppose -6 = -4*g + 10. Suppose -v = -3*y - 35 + 13, g*y = 5*v - 66. Let f(t) = t**2 - 6*t + 15. What is the units digit of f(v)?
5
What is the thousands digit of 12/9 - (-372848)/84?
4
Let s = 350 - -36. What is the units digit of s?
6
Suppose -712 = -0*z + 8*z. Let b = z - -155. What is the tens digit of b?
6
Suppose -37 = 16*s - 15*s. Let r = 49 + s. What is the units digit of r?
2